{"id":1338,"date":"2024-06-24T09:14:02","date_gmt":"2024-06-24T09:14:02","guid":{"rendered":"https:\/\/leniddeplumes.com\/?post_type=avada_faq&#038;p=1338"},"modified":"2024-06-26T13:51:43","modified_gmt":"2024-06-26T13:51:43","slug":"does-you-have-a-car-park","status":"publish","type":"avada_faq","link":"https:\/\/leniddeplumes.com\/en\/faq-items\/does-you-have-a-car-park\/","title":{"rendered":"Is there parking nearby?"},"content":{"rendered":"<p>Yes we have a few car parking options. Parking at the main house is reserved for guests only. We recommend you park in the car park in the adjacent Parc de la Gorande. There is space for up to 40 cars and the short walk through the beautiful orchard will set a beautiful opening tone to the day ahead. If you are attending a church ceremony in Vouill\u00e9, we suggest you leave your car in the town which is less than 300m walk from Le Nid de Plumes. For guests staying in Le Cheval Blanc, there is ample parking there and few minutes walk back to the hotel.<\/p>\n","protected":false},"excerpt":{"rendered":"<p>Yes we have a few car parking options. Parking at  [&#8230;]<\/p>\n","protected":false},"author":2,"featured_media":0,"menu_order":0,"comment_status":"open","ping_status":"closed","template":"","format":"standard","meta":{"footnotes":""},"faq_category":[],"class_list":["post-1338","avada_faq","type-avada_faq","status-publish","format-standard","hentry"],"yoast_head":"<!-- This site is optimized with the Yoast SEO Premium plugin v26.6 (Yoast SEO v27.5) - https:\/\/yoast.com\/product\/yoast-seo-premium-wordpress\/ -->\n<title>Is there parking nearby? - LE NID DE PLUMES<\/title>\n<meta name=\"robots\" content=\"index, follow, max-snippet:-1, max-image-preview:large, max-video-preview:-1\" \/>\n<link rel=\"canonical\" href=\"https:\/\/leniddeplumes.com\/en\/faq-items\/does-you-have-a-car-park\/\" \/>\n<meta property=\"og:locale\" content=\"en_US\" \/>\n<meta property=\"og:type\" content=\"article\" \/>\n<meta property=\"og:title\" content=\"Is there parking nearby?\" \/>\n<meta property=\"og:description\" content=\"Yes we have a few car parking options. Parking at [...]\" \/>\n<meta property=\"og:url\" content=\"https:\/\/leniddeplumes.com\/en\/faq-items\/does-you-have-a-car-park\/\" \/>\n<meta property=\"og:site_name\" content=\"LE NID DE PLUMES\" \/>\n<meta property=\"article:publisher\" content=\"https:\/\/www.facebook.com\/p\/Le-Nid-De-Plumes-61556772073903\/\" \/>\n<meta property=\"article:modified_time\" content=\"2024-06-26T13:51:43+00:00\" \/>\n<meta property=\"og:image\" content=\"https:\/\/leniddeplumes.com\/wp-content\/uploads\/2024\/10\/IMG_6440-2-scaled.jpg\" \/>\n\t<meta property=\"og:image:width\" content=\"1920\" \/>\n\t<meta property=\"og:image:height\" content=\"2560\" \/>\n\t<meta property=\"og:image:type\" content=\"image\/jpeg\" \/>\n<meta name=\"twitter:card\" content=\"summary_large_image\" \/>\n<meta name=\"twitter:label1\" content=\"Est. reading time\" \/>\n\t<meta name=\"twitter:data1\" content=\"1 minute\" \/>\n<script type=\"application\/ld+json\" class=\"yoast-schema-graph\">{\"@context\":\"https:\\\/\\\/schema.org\",\"@graph\":[{\"@type\":\"WebPage\",\"@id\":\"https:\\\/\\\/leniddeplumes.com\\\/en\\\/faq-items\\\/does-you-have-a-car-park\\\/\",\"url\":\"https:\\\/\\\/leniddeplumes.com\\\/en\\\/faq-items\\\/does-you-have-a-car-park\\\/\",\"name\":\"Is there parking nearby? - LE NID DE PLUMES\",\"isPartOf\":{\"@id\":\"https:\\\/\\\/leniddeplumes.com\\\/en\\\/fr\\\/#website\"},\"datePublished\":\"2024-06-24T09:14:02+00:00\",\"dateModified\":\"2024-06-26T13:51:43+00:00\",\"breadcrumb\":{\"@id\":\"https:\\\/\\\/leniddeplumes.com\\\/en\\\/faq-items\\\/does-you-have-a-car-park\\\/#breadcrumb\"},\"inLanguage\":\"en-US\",\"potentialAction\":[{\"@type\":\"ReadAction\",\"target\":[\"https:\\\/\\\/leniddeplumes.com\\\/en\\\/faq-items\\\/does-you-have-a-car-park\\\/\"]}]},{\"@type\":\"BreadcrumbList\",\"@id\":\"https:\\\/\\\/leniddeplumes.com\\\/en\\\/faq-items\\\/does-you-have-a-car-park\\\/#breadcrumb\",\"itemListElement\":[{\"@type\":\"ListItem\",\"position\":1,\"name\":\"Home\",\"item\":\"https:\\\/\\\/leniddeplumes.com\\\/en\\\/\"},{\"@type\":\"ListItem\",\"position\":2,\"name\":\"FAQs\",\"item\":\"https:\\\/\\\/leniddeplumes.com\\\/en\\\/faq-items\\\/\"},{\"@type\":\"ListItem\",\"position\":3,\"name\":\"Is there parking nearby?\"}]},{\"@type\":\"WebSite\",\"@id\":\"https:\\\/\\\/leniddeplumes.com\\\/en\\\/fr\\\/#website\",\"url\":\"https:\\\/\\\/leniddeplumes.com\\\/en\\\/fr\\\/\",\"name\":\"LE NID DE PLUMES\",\"description\":\"Venue, VOUILLE\",\"publisher\":{\"@id\":\"https:\\\/\\\/leniddeplumes.com\\\/en\\\/fr\\\/#organization\"},\"potentialAction\":[{\"@type\":\"SearchAction\",\"target\":{\"@type\":\"EntryPoint\",\"urlTemplate\":\"https:\\\/\\\/leniddeplumes.com\\\/en\\\/fr\\\/?s={search_term_string}\"},\"query-input\":{\"@type\":\"PropertyValueSpecification\",\"valueRequired\":true,\"valueName\":\"search_term_string\"}}],\"inLanguage\":\"en-US\"},{\"@type\":\"Organization\",\"@id\":\"https:\\\/\\\/leniddeplumes.com\\\/en\\\/fr\\\/#organization\",\"name\":\"LE NID DE PLUMES\",\"url\":\"https:\\\/\\\/leniddeplumes.com\\\/en\\\/fr\\\/\",\"logo\":{\"@type\":\"ImageObject\",\"inLanguage\":\"en-US\",\"@id\":\"https:\\\/\\\/leniddeplumes.com\\\/en\\\/fr\\\/#\\\/schema\\\/logo\\\/image\\\/\",\"url\":\"https:\\\/\\\/leniddeplumes.com\\\/wp-content\\\/uploads\\\/2025\\\/01\\\/Logo.jpeg\",\"contentUrl\":\"https:\\\/\\\/leniddeplumes.com\\\/wp-content\\\/uploads\\\/2025\\\/01\\\/Logo.jpeg\",\"width\":200,\"height\":200,\"caption\":\"LE NID DE PLUMES\"},\"image\":{\"@id\":\"https:\\\/\\\/leniddeplumes.com\\\/en\\\/fr\\\/#\\\/schema\\\/logo\\\/image\\\/\"},\"sameAs\":[\"https:\\\/\\\/www.facebook.com\\\/p\\\/Le-Nid-De-Plumes-61556772073903\\\/\",\"https:\\\/\\\/www.instagram.com\\\/leniddeplumes\\\/\"],\"description\":\"Le Nid de Plumes loue ses espaces de r\u00e9ception et organise vos r\u00e9ceptions, mariage et \u00e9v\u00e8nements d'entreprise. Caroline GARDINER vous accueil \u00e0 Vouill\u00e9, dans la Vienne, \u00e0 proximit\u00e9 de Poitiers, du Futuroscope, de la Vall\u00e9e des singes, Defiplanet, le parc de la belle et le cormenier\",\"email\":\"bonjour@leniddeplumes.com\",\"telephone\":\"07 83 09 02 00\",\"legalName\":\"PARTY PROFESSIONALS FRANCE\",\"foundingDate\":\"2024-07-01\",\"vatID\":\"FR22922081971\",\"taxID\":\"92208197100017\",\"numberOfEmployees\":{\"@type\":\"QuantitativeValue\",\"minValue\":\"1\",\"maxValue\":\"10\"},\"publishingPrinciples\":\"https:\\\/\\\/leniddeplumes.com\\\/about\\\/\",\"ownershipFundingInfo\":\"https:\\\/\\\/leniddeplumes.com\\\/about\\\/\"}]}<\/script>\n<!-- \/ Yoast SEO Premium plugin. -->","yoast_head_json":{"title":"Is there parking nearby? - LE NID DE PLUMES","robots":{"index":"index","follow":"follow","max-snippet":"max-snippet:-1","max-image-preview":"max-image-preview:large","max-video-preview":"max-video-preview:-1"},"canonical":"https:\/\/leniddeplumes.com\/en\/faq-items\/does-you-have-a-car-park\/","og_locale":"en_US","og_type":"article","og_title":"Is there parking nearby?","og_description":"Yes we have a few car parking options. Parking at [...]","og_url":"https:\/\/leniddeplumes.com\/en\/faq-items\/does-you-have-a-car-park\/","og_site_name":"LE NID DE PLUMES","article_publisher":"https:\/\/www.facebook.com\/p\/Le-Nid-De-Plumes-61556772073903\/","article_modified_time":"2024-06-26T13:51:43+00:00","og_image":[{"width":1920,"height":2560,"url":"https:\/\/leniddeplumes.com\/wp-content\/uploads\/2024\/10\/IMG_6440-2-scaled.jpg","type":"image\/jpeg"}],"twitter_card":"summary_large_image","twitter_misc":{"Est. reading time":"1 minute"},"schema":{"@context":"https:\/\/schema.org","@graph":[{"@type":"WebPage","@id":"https:\/\/leniddeplumes.com\/en\/faq-items\/does-you-have-a-car-park\/","url":"https:\/\/leniddeplumes.com\/en\/faq-items\/does-you-have-a-car-park\/","name":"Is there parking nearby? - LE NID DE PLUMES","isPartOf":{"@id":"https:\/\/leniddeplumes.com\/en\/fr\/#website"},"datePublished":"2024-06-24T09:14:02+00:00","dateModified":"2024-06-26T13:51:43+00:00","breadcrumb":{"@id":"https:\/\/leniddeplumes.com\/en\/faq-items\/does-you-have-a-car-park\/#breadcrumb"},"inLanguage":"en-US","potentialAction":[{"@type":"ReadAction","target":["https:\/\/leniddeplumes.com\/en\/faq-items\/does-you-have-a-car-park\/"]}]},{"@type":"BreadcrumbList","@id":"https:\/\/leniddeplumes.com\/en\/faq-items\/does-you-have-a-car-park\/#breadcrumb","itemListElement":[{"@type":"ListItem","position":1,"name":"Home","item":"https:\/\/leniddeplumes.com\/en\/"},{"@type":"ListItem","position":2,"name":"FAQs","item":"https:\/\/leniddeplumes.com\/en\/faq-items\/"},{"@type":"ListItem","position":3,"name":"Is there parking nearby?"}]},{"@type":"WebSite","@id":"https:\/\/leniddeplumes.com\/en\/fr\/#website","url":"https:\/\/leniddeplumes.com\/en\/fr\/","name":"LE NID DE PLUMES","description":"Venue, VOUILLE","publisher":{"@id":"https:\/\/leniddeplumes.com\/en\/fr\/#organization"},"potentialAction":[{"@type":"SearchAction","target":{"@type":"EntryPoint","urlTemplate":"https:\/\/leniddeplumes.com\/en\/fr\/?s={search_term_string}"},"query-input":{"@type":"PropertyValueSpecification","valueRequired":true,"valueName":"search_term_string"}}],"inLanguage":"en-US"},{"@type":"Organization","@id":"https:\/\/leniddeplumes.com\/en\/fr\/#organization","name":"LE NID DE PLUMES","url":"https:\/\/leniddeplumes.com\/en\/fr\/","logo":{"@type":"ImageObject","inLanguage":"en-US","@id":"https:\/\/leniddeplumes.com\/en\/fr\/#\/schema\/logo\/image\/","url":"https:\/\/leniddeplumes.com\/wp-content\/uploads\/2025\/01\/Logo.jpeg","contentUrl":"https:\/\/leniddeplumes.com\/wp-content\/uploads\/2025\/01\/Logo.jpeg","width":200,"height":200,"caption":"LE NID DE PLUMES"},"image":{"@id":"https:\/\/leniddeplumes.com\/en\/fr\/#\/schema\/logo\/image\/"},"sameAs":["https:\/\/www.facebook.com\/p\/Le-Nid-De-Plumes-61556772073903\/","https:\/\/www.instagram.com\/leniddeplumes\/"],"description":"Le Nid de Plumes loue ses espaces de r\u00e9ception et organise vos r\u00e9ceptions, mariage et \u00e9v\u00e8nements d'entreprise. Caroline GARDINER vous accueil \u00e0 Vouill\u00e9, dans la Vienne, \u00e0 proximit\u00e9 de Poitiers, du Futuroscope, de la Vall\u00e9e des singes, Defiplanet, le parc de la belle et le cormenier","email":"bonjour@leniddeplumes.com","telephone":"07 83 09 02 00","legalName":"PARTY PROFESSIONALS FRANCE","foundingDate":"2024-07-01","vatID":"FR22922081971","taxID":"92208197100017","numberOfEmployees":{"@type":"QuantitativeValue","minValue":"1","maxValue":"10"},"publishingPrinciples":"https:\/\/leniddeplumes.com\/about\/","ownershipFundingInfo":"https:\/\/leniddeplumes.com\/about\/"}]}},"_links":{"self":[{"href":"https:\/\/leniddeplumes.com\/en\/wp-json\/wp\/v2\/avada_faq\/1338","targetHints":{"allow":["GET"]}}],"collection":[{"href":"https:\/\/leniddeplumes.com\/en\/wp-json\/wp\/v2\/avada_faq"}],"about":[{"href":"https:\/\/leniddeplumes.com\/en\/wp-json\/wp\/v2\/types\/avada_faq"}],"author":[{"embeddable":true,"href":"https:\/\/leniddeplumes.com\/en\/wp-json\/wp\/v2\/users\/2"}],"replies":[{"embeddable":true,"href":"https:\/\/leniddeplumes.com\/en\/wp-json\/wp\/v2\/comments?post=1338"}],"version-history":[{"count":4,"href":"https:\/\/leniddeplumes.com\/en\/wp-json\/wp\/v2\/avada_faq\/1338\/revisions"}],"predecessor-version":[{"id":1434,"href":"https:\/\/leniddeplumes.com\/en\/wp-json\/wp\/v2\/avada_faq\/1338\/revisions\/1434"}],"wp:attachment":[{"href":"https:\/\/leniddeplumes.com\/en\/wp-json\/wp\/v2\/media?parent=1338"}],"wp:term":[{"taxonomy":"faq_category","embeddable":true,"href":"https:\/\/leniddeplumes.com\/en\/wp-json\/wp\/v2\/faq_category?post=1338"}],"curies":[{"name":"wp","href":"https:\/\/api.w.org\/{rel}","templated":true}]}}

<p>Yes we have a few car parking options. Parking at the main house is reserved for guests only. We recommend you park in the car park in the adjacent Parc de la Gorande. There is space for up to 40 cars and the short walk through the beautiful orchard will set a beautiful opening tone to the day ahead. If you are attending a church ceremony in Vouillé, we suggest you leave your car in the town which is less than 300m walk from Le Nid de Plumes. For guests staying in Le Cheval Blanc, there is ample parking there and few minutes walk back to the hotel.</p>

<!-- This site is optimized with the Yoast SEO Premium plugin v26.6 (Yoast SEO v27.5) - https://yoast.com/product/yoast-seo-premium-wordpress/ -->
<title>Is there parking nearby? - LE NID DE PLUMES</title>
<meta name="robots" content="index, follow, max-snippet:-1, max-image-preview:large, max-video-preview:-1" />
<link rel="canonical" href="https://leniddeplumes.com/en/faq-items/does-you-have-a-car-park/" />
<meta property="og:locale" content="en_US" />
<meta property="og:type" content="article" />
<meta property="og:title" content="Is there parking nearby?" />
<meta property="og:description" content="Yes we have a few car parking options. Parking at [...]" />
<meta property="og:url" content="https://leniddeplumes.com/en/faq-items/does-you-have-a-car-park/" />
<meta property="og:site_name" content="LE NID DE PLUMES" />
<meta property="article:publisher" content="https://www.facebook.com/p/Le-Nid-De-Plumes-61556772073903/" />
<meta property="article:modified_time" content="2024-06-26T13:51:43+00:00" />
<meta property="og:image" content="https://leniddeplumes.com/wp-content/uploads/2024/10/IMG_6440-2-scaled.jpg" />
	<meta property="og:image:width" content="1920" />
	<meta property="og:image:height" content="2560" />
	<meta property="og:image:type" content="image/jpeg" />
<meta name="twitter:card" content="summary_large_image" />
<meta name="twitter:label1" content="Est. reading time" />
	<meta name="twitter:data1" content="1 minute" />
<script type="application/ld+json" class="yoast-schema-graph">{"@context":"https:\/\/schema.org","@graph":[{"@type":"WebPage","@id":"https:\/\/leniddeplumes.com\/en\/faq-items\/does-you-have-a-car-park\/","url":"https:\/\/leniddeplumes.com\/en\/faq-items\/does-you-have-a-car-park\/","name":"Is there parking nearby? - LE NID DE PLUMES","isPartOf":{"@id":"https:\/\/leniddeplumes.com\/en\/fr\/#website"},"datePublished":"2024-06-24T09:14:02+00:00","dateModified":"2024-06-26T13:51:43+00:00","breadcrumb":{"@id":"https:\/\/leniddeplumes.com\/en\/faq-items\/does-you-have-a-car-park\/#breadcrumb"},"inLanguage":"en-US","potentialAction":[{"@type":"ReadAction","target":["https:\/\/leniddeplumes.com\/en\/faq-items\/does-you-have-a-car-park\/"]}]},{"@type":"BreadcrumbList","@id":"https:\/\/leniddeplumes.com\/en\/faq-items\/does-you-have-a-car-park\/#breadcrumb","itemListElement":[{"@type":"ListItem","position":1,"name":"Home","item":"https:\/\/leniddeplumes.com\/en\/"},{"@type":"ListItem","position":2,"name":"FAQs","item":"https:\/\/leniddeplumes.com\/en\/faq-items\/"},{"@type":"ListItem","position":3,"name":"Is there parking nearby?"}]},{"@type":"WebSite","@id":"https:\/\/leniddeplumes.com\/en\/fr\/#website","url":"https:\/\/leniddeplumes.com\/en\/fr\/","name":"LE NID DE PLUMES","description":"Venue, VOUILLE","publisher":{"@id":"https:\/\/leniddeplumes.com\/en\/fr\/#organization"},"potentialAction":[{"@type":"SearchAction","target":{"@type":"EntryPoint","urlTemplate":"https:\/\/leniddeplumes.com\/en\/fr\/?s={search_term_string}"},"query-input":{"@type":"PropertyValueSpecification","valueRequired":true,"valueName":"search_term_string"}}],"inLanguage":"en-US"},{"@type":"Organization","@id":"https:\/\/leniddeplumes.com\/en\/fr\/#organization","name":"LE NID DE PLUMES","url":"https:\/\/leniddeplumes.com\/en\/fr\/","logo":{"@type":"ImageObject","inLanguage":"en-US","@id":"https:\/\/leniddeplumes.com\/en\/fr\/#\/schema\/logo\/image\/","url":"https:\/\/leniddeplumes.com\/wp-content\/uploads\/2025\/01\/Logo.jpeg","contentUrl":"https:\/\/leniddeplumes.com\/wp-content\/uploads\/2025\/01\/Logo.jpeg","width":200,"height":200,"caption":"LE NID DE PLUMES"},"image":{"@id":"https:\/\/leniddeplumes.com\/en\/fr\/#\/schema\/logo\/image\/"},"sameAs":["https:\/\/www.facebook.com\/p\/Le-Nid-De-Plumes-61556772073903\/","https:\/\/www.instagram.com\/leniddeplumes\/"],"description":"Le Nid de Plumes loue ses espaces de réception et organise vos réceptions, mariage et évènements d'entreprise. Caroline GARDINER vous accueil à Vouillé, dans la Vienne, à proximité de Poitiers, du Futuroscope, de la Vallée des singes, Defiplanet, le parc de la belle et le cormenier","email":"bonjour@leniddeplumes.com","telephone":"07 83 09 02 00","legalName":"PARTY PROFESSIONALS FRANCE","foundingDate":"2024-07-01","vatID":"FR22922081971","taxID":"92208197100017","numberOfEmployees":{"@type":"QuantitativeValue","minValue":"1","maxValue":"10"},"publishingPrinciples":"https:\/\/leniddeplumes.com\/about\/","ownershipFundingInfo":"https:\/\/leniddeplumes.com\/about\/"}]}</script>
<!-- / Yoast SEO Premium plugin. -->

Le Nid de Plumes loue ses espaces de réception et organise vos réceptions, mariage et évènements d'entreprise. Caroline GARDINER vous accueil à Vouillé, dans la Vienne, à proximité de Poitiers, du Futuroscope, de la Vallée des singes, Defiplanet, le parc de la belle et le cormenier
